?
False
Is 2703483649 a composite number?
False
Is 49899186011 prime?
True
Is 67096311589 a composite number?
False
Is 6005873831 prime?
True
Is 3026883451 prime?
True
Is 1040379839 composite?
True
Is 151684207 a prime number?
True
Is 2054729163 composite?
True
Is 260715122 composite?
True
Is 142425659 prime?
False
Is 23856857 a composite number?
True
Is 98628263 a composite number?
True
Is 221383169 composite?
True
Is 7152570127 a composite number?
False
Is 1180968179 a prime number?
True
Is 1168531237 prime?
True
Is 1246839661 a composite number?
True
Is 9806917537 a prime number?
False
Is 208419611563 a prime number?
True
Is 16852919 composite?
False
Is 12293576627 composite?
False
Is 194410767 a composite number?
True
Is 76906952999 prime?
True
Is 92498375401 a prime number?
True
Is 96481154423 prime?
False
Is 225547020383 a composite number?
False
Is 1948008241 a composite number?
True
Is 52269916091 a prime number?
False
Is 814305343 prime?
False
Is 3327740281 prime?
False
Is 49709897 prime?
True
Is 2419310779 a composite number?
True
Is 1531338481 prime?
True
Is 5668968131 a prime number?
True
Is 8287571735 a composite number?
True
Is 132180565217 composite?
True
Is 2674752317 composite?
True
Is 93726469 a composite number?
True
Is 109315681 composite?
False
Is 688718339 prime?
False
Is 9268305467 composite?
False
Is 22274123561 composite?
False
Is 980824769 prime?
True
Is 29466435563 a prime number?
False
Is 22399930738 a composite number?
True
Is 3993566111 prime?
True
Is 968356727 a composite number?
True
Is 53061744329 a composite number?
True
Is 39260077 a prime number?
False
Is 2507997049 a composite number?
True
Is 7409044871 prime?
True
Is 32915815873 composite?
True
Is 47080165931 prime?
False
Is 209850657 a prime number?
False
Is 1400505287 a composite number?
True
Is 12005540441 a prime number?
True
Is 806406191 composite?
False
Is 1685908879 a composite number?
False
Is 403569389 prime?
True
Is 374458433 prime?
False
Is 1112485523 a composite number?
False
Is 174256293433 a composite number?
False
Is 1363717786 prime?
False
Is 30563761037 a composite number?
True
Is 4063429397 composite?
True
Is 2071602971 prime?
True
Is 21746252159 prime?
False
Is 1081470947 composite?
False
Is 45212473 a composite number?
False
Is 170319242243 composite?
False
Is 374233037 a prime number?
False
Is 342682027 a prime number?
True
Is 4577902951 a prime number?
False
Is 31819319527 a composite number?
False
Is 16154696293 composite?
False
Is 69822864299 composite?
True
Is 28303513421 a composite number?
False
Is 3840794227 a composite number?
False
Is 918387193 composite?
False
Is 6741011081 a prime number?
False
Is 597252259 a prime number?
False
Is 28789010279 a prime number?
True
Is 5292664558 composite?
True
Is 379409269 a composite number?
False
Is 55431608437 composite?
True
Is 569472347 prime?
True
Is 16121093621 composite?
True
Is 8956231733 composite?
True
Is 137744011 composite?
True
Is 4161821 composite?
True
Is 3216651641 a composite number?
True
Is 358565647 a composite number?
True
Is 492036827453 composite?
False
Is 346307539 a prime number?
False
Is 407425507 a prime number?
False
Is 6021805799 prime?
True
Is 14803713719 a composite number?
True
Is 1360217993 a prime number?
False
Is 9724956037 a prime number?
True
Is 20730186287 a prime number?
True
Is 15513729403 prime?
False
Is 11017106311 a composite number?
False
Is 58933151 a composite number?
True
Is 7569668971 composite?
False
Is 94437975521 prime?
True
Is 247013783 a prime number?
True
Is 7206690457 composite?
False
Is 8333034097 a prime number?
False
Is 3105162167 composite?
False
Is 4621261783 prime?
True
Is 6145294033 prime?
False
Is 4463467391 a prime number?
False
Is 10051509481 a prime number?
False
Is 161814619 prime?
False
Is 3424096163 a composite number?
False
Is 44981781917 composite?
False
Is 159075469997 a composite number?
False
Is 24418709789 composite?
False
Is 2531074961 composite?
False
Is 498358219 a composite number?
False
Is 9332728967 a composite number?
False
Is 1241605093 prime?
False
Is 60663867937 a composite number?
False
Is 13160632813 a composite number?
False
Is 15269676281 a composite number?
False
Is 216731561 a composite number?
False
Is 35372325655 prime?
False
Is 404870707 composite?
False
Is 54098534089 composite?
False
Is 8461780177 a prime number?
False
Is 38621503 prime?
True
Is 75863883527 a composite number?
True
Is 1044187863 a composite number?
True
Is 345363169 a composite number?
False
Is 418719383 prime?
False
Is 3622036615 a prime number?
False
Is 4136590307 a prime number?
False
Is 115986342007 prime?
True
Is 4475230427 composite?
False
Is 1685805619 a prime number?
True
Is 8428277609 a composite number?
True
Is 23714873657 a prime number?
False
Is 2105374913 a prime number?
True
Is 48804779 composite?
False
Is 4746351413 a prime number?
True
Is 1262626769 a composite number?
True
Is 597452741 a composite number?
True
Is 795400297 a prime number?
True
Is 338219963 a prime number?
False
Is 697381084249 a composite number?
False
Is 8801969821 a composite number?
False
Is 189829553 a prime number?
True
Is 789720989 prime?
True
Is 131544397609 a prime number?
False
Is 983297681 a composite number?
True
Is 2736426461 a composite number?
False
Is 8219735917 composite?
False
Is 99278677 composite?
True
Is 10500666937 prime?
True
Is 9240211067 prime?
True
Is 15889394923 prime?
False
Is 1040332883 a prime number?
True
Is 151236924149 a composite number?
False
Is 857605333 a prime number?
False
Is 56327254873 prime?
False
Is 643284407 a prime number?
True
Is 2849150959 a composite number?
False
Is 8285929 a prime number?
False
Is 606972313 composite?
True
Is 2058943871 a composite number?
False
Is 5585514547 a prime number?
False
Is 21217636135 composite?
True
Is 2605845413 composite?
False
Is 1328527981 a prime number?
False
Is 2652356563 composite?
True
Is 2005992587 a prime number?
False
Is 45800834095 composite?
True
Is 142758831 a composite number?
True
Is 2228949097 a composite number?
False
Is 5380733273 prime?
True
Is 32064859927 a prime number?
False
Is 191083913 prime?
True
Is 1323247223 composite?
False
Is 11365943 composite?
False
Is 58071499 prime?
False
Is 5978421347 a composite number?
False
Is 88020983 prime?
True
Is 5047045219 a prime number?
False
Is 11467588787 a prime number?
True
Is 878983837 prime?
False
Is 4034137571 prime?
True
Is 520082659 composite?
True
Is 699552073 a prime number?
False
Is 13575102559 composite?
True
Is 4812666979 a prime number?
True
Is 53902057697 a prime number?
True
Is 4675611317 composite?
True
Is 18628399991 composite?
True
Is 13711358819 a composite number?
True
Is 185925337 prime?
False
Is 7275746339 a composite number?
False
Is 27147429641 a composite number?
False
Is 2041469087 a composite number?
True
Is 2386977727 composite?
False
Is 14784808147 prime?
False
Is 900023207 a composite number?
True
Is 1384950557 composite?
False
Is 757670197 prime?
False
Is 3592740379 composite?
False
Is 38519426102 prime?
False
Is 1277973509 composite?
False
Is 3674353846 composite?
True
Is 3107398831 a prime number?
False
Is 2276951223 composite?
True
Is 50746465607 composite?
True
Is 1116446029 a composite number?
True
Is 254075723 a composite number?
True
Is 37992782341 a prime number?
False
Is 40176407177 composite?
False
Is 6203955713 a prime number?
False
Is 1298869211 a prime number?
True
Is 12239076749 a composite number?
True
Is 503742541 a composite number?
False
Is 124942456189 a composite number?
True
Is 300634483 composite?
True
Is 484206467 prime?
True
Is 141762151 a composite number?
True
Is 12774345407 prime?
False
Is 58054951819 a composite number?
True
Is 196816201 prime?
False
Is 13880190361 a prime number?
True
Is 99195085907 composite?
True
Is 65810166749 a prime number?
False
Is 529386799 prime?
True
Is 69666991 composite?
True
Is 7954960921 a prime number?
True
Is 9772434967 composite?
False
Is 77034354461 composite?
False
Is 852262219 a composite number?
False
Is 2057390213 composite?
False
Is 267716027 prime?
False
Is 9671156513 prime?
False
Is 20510027857 a prime number?
False
Is 6650174717 a prime number?
True
Is 1618718891 a composite number?
False
Is 1053156617